{"id":126,"date":"2015-05-26T07:36:06","date_gmt":"2015-05-26T07:36:06","guid":{"rendered":"http:\/\/cryo.dcfreenet.info\/?page_id=126"},"modified":"2015-11-09T22:04:25","modified_gmt":"2015-11-09T21:04:25","slug":"revizni-a-zkusebni-cinnost","status":"publish","type":"page","link":"https:\/\/www.cryoservis.cz\/?page_id=126","title":{"rendered":"Revizn\u00ed a zku\u0161ebn\u00ed \u010dinnost"},"content":{"rendered":"<p>Na z\u00e1klad\u011b osv\u011bd\u010den\u00ed a opr\u00e1vn\u011bn\u00ed vydan\u00fdch organizac\u00ed st\u00e1tn\u00edho dozoru prov\u00e1d\u00edme revizn\u00ed a zku\u0161ebn\u00ed \u010dinnost vyhrazen\u00fdch tlakov\u00fdch a plynov\u00fdch za\u0159\u00edzen\u00ed.Spolupracujeme nap\u0159\u00edklad s organizac\u00ed st\u00e1tn\u00edho dozoru TI\u010cR \u00dast\u00ed nad Labem, T\u00dcV S\u00dcD a dal\u0161\u00edmi.<\/p>\n<hr \/>\n<p>&nbsp;<\/p>\n<h3><strong>Prov\u00e1d\u00edme tyto revize a zkou\u0161ky<\/strong><\/h3>\n<ul class=\"sez1\">\n<li>Revize a zkou\u0161ky provozovan\u00fdch tlakov\u00fdch n\u00e1dob stabiln\u00edch skupiny NA, NB\n<ul class=\"sez1\">\n<li>V\u00fdchoz\u00ed revize (doklad pro povolen\u00ed k uveden\u00ed do provozu)<\/li>\n<li>Periodick\u00e9 revize a zkou\u0161ky (provozn\u00ed revize, vnit\u0159n\u00ed revize, zkou\u0161ky t\u011bsnosti a tlakov\u00e9 zkou\u0161ky)<\/li>\n<li>Zpracov\u00e1n\u00ed evidence tlakov\u00fdch n\u00e1dob<\/li>\n<li>Zpracov\u00e1n\u00ed \u010dasov\u00fdch pl\u00e1n\u016f reviz\u00ed<\/li>\n<li>Zpracov\u00e1n\u00ed m\u00edstn\u00edho provozn\u00edho \u0159\u00e1du<\/li>\n<li>\u0160kolen\u00ed obsluhy<\/li>\n<\/ul>\n<\/li>\n<li>Revize p\u0159epravn\u00edch cisteren na zkapaln\u011bn\u00e9 plyny v\u010detn\u011b ADR<\/li>\n<li>Revize bateriov\u00fdch voz\u016f v\u010detn\u011b ADR<\/li>\n<li>Revize tlakov\u00fdch svazk\u016f a lahv\u00ed pro plyny v\u010detn\u011b ADR<\/li>\n<li>Revize a zkou\u0161ky vyhrazen\u00fdch tlakov\u00fdch a plynov\u00fdch za\u0159\u00edzen\u00ed<\/li>\n<\/ul>\n","protected":false},"excerpt":{"rendered":"<p>Na z\u00e1klad\u011b osv\u011bd\u010den\u00ed a opr\u00e1vn\u011bn\u00ed vydan\u00fdch organizac\u00ed st\u00e1tn\u00edho dozoru prov\u00e1d\u00edme revizn\u00ed a zku\u0161ebn\u00ed \u010dinnost vyhrazen\u00fdch tlakov\u00fdch a plynov\u00fdch za\u0159\u00edzen\u00ed.Spolupracujeme nap\u0159\u00edklad&#8230; <\/p>\n","protected":false},"author":1,"featured_media":0,"parent":0,"menu_order":0,"comment_status":"closed","ping_status":"closed","template":"template-full-width.php","meta":[],"_links":{"self":[{"href":"https:\/\/www.cryoservis.cz\/index.php?rest_route=\/wp\/v2\/pages\/126"}],"collection":[{"href":"https:\/\/www.cryoservis.cz\/index.php?rest_route=\/wp\/v2\/pages"}],"about":[{"href":"https:\/\/www.cryoservis.cz\/index.php?rest_route=\/wp\/v2\/types\/page"}],"author":[{"embeddable":true,"href":"https:\/\/www.cryoservis.cz\/index.php?rest_route=\/wp\/v2\/users\/1"}],"replies":[{"embeddable":true,"href":"https:\/\/www.cryoservis.cz\/index.php?rest_route=%2Fwp%2Fv2%2Fcomments&post=126"}],"version-history":[{"count":9,"href":"https:\/\/www.cryoservis.cz\/index.php?rest_route=\/wp\/v2\/pages\/126\/revisions"}],"predecessor-version":[{"id":277,"href":"https:\/\/www.cryoservis.cz\/index.php?rest_route=\/wp\/v2\/pages\/126\/revisions\/277"}],"wp:attachment":[{"href":"https:\/\/www.cryoservis.cz\/index.php?rest_route=%2Fwp%2Fv2%2Fmedia&parent=126"}],"curies":[{"name":"wp","href":"https:\/\/api.w.org\/{rel}","templated":true}]}}